{"id":104,"date":"2017-12-29T16:26:15","date_gmt":"2017-12-29T15:26:15","guid":{"rendered":"http:\/\/letempledubienetrechezsylvie.com\/?page_id=104"},"modified":"2025-09-17T20:20:41","modified_gmt":"2025-09-17T18:20:41","slug":"massage-hawaien-lomi-lomi","status":"publish","type":"page","link":"https:\/\/letempledubienetrechezsylvie.com\/?page_id=104","title":{"rendered":"Massage Hawa\u00efen Lomi-lomi au mono\u00ef, 15 ann\u00e9es d&rsquo;exp\u00e9rience !"},"content":{"rendered":"\n<div class=\"wp-block-group alignwide is-layout-flow\"><div class=\"wp-block-group__inner-container\">\n<div class=\"wp-block-group alignwide has-white-background-color has-background has-small-font-size is-layout-flow\"><div class=\"wp-block-group__inner-container\">\n<div class=\"wp-block-media-text alignwide has-media-on-the-right is-stacked-on-mobile\" style=\"grid-template-columns:auto 27%\"><figure class=\"wp-block-media-text__media\"><a href=\"https:\/\/letempledubienetrechezsylvie.com\/?page_id=295\"><img decoding=\"async\" loading=\"lazy\" width=\"459\" height=\"370\" src=\"https:\/\/letempledubienetrechezsylvie.com\/wp-content\/uploads\/2022\/02\/Coeur-cadeau-avec-noeud-satin.jpg\" alt=\"\" class=\"wp-image-1192\" srcset=\"https:\/\/letempledubienetrechezsylvie.com\/wp-content\/uploads\/2022\/02\/Coeur-cadeau-avec-noeud-satin.jpg 459w, https:\/\/letempledubienetrechezsylvie.com\/wp-content\/uploads\/2022\/02\/Coeur-cadeau-avec-noeud-satin-300x242.jpg 300w\" sizes=\"(max-width: 459px) 100vw, 459px\" \/><\/a><\/figure><div class=\"wp-block-media-text__content\">\n\n<h2 class=\"has-text-align-center wp-block-heading\"><strong><em><span class=\"has-inline-color has-vivid-cyan-blue-color\">Bon cadeau p<\/span><\/em><\/strong><span class=\"has-inline-color has-vivid-cyan-blue-color\"><em><strong>our <\/strong><\/em><\/span><em><strong><span class=\"has-inline-color has-vivid-cyan-blue-color\">offrir<\/span><\/strong><\/em><span class=\"has-inline-color has-vivid-cyan-blue-color\"><strong><em>, cliquez sur l&rsquo;image coeur :<\/em><\/strong><\/span><\/h2>\n\n<\/div><\/div>\n<\/div><\/div>\n<\/div><\/div>\n\n\n<div class=\"parag\">\n<p><iframe loading=\"lazy\" title=\"Le Temple &quot;Aloha&quot; \u00e0 Argel\u00e8s sur mer\" width=\"525\" height=\"394\" src=\"https:\/\/www.youtube.com\/embed\/MH0JLAzjcmA?feature=oembed\" frameborder=\"0\" allow=\"accelerometer; autoplay; clipboard-write; encrypted-media; gyroscope; picture-in-picture; web-share\" referrerpolicy=\"strict-origin-when-cross-origin\" allowfullscreen><\/iframe><\/p>\n<p><span style=\"color: #7116cc;\"><em>Au-del\u00e0 d&rsquo;un simple massage bien-\u00eatre, je pratique le massage Hawa\u00efen \u00ab\u00a0Lomi-lomi\u00a0\u00bb avec une \u00e9nergie de gu\u00e9rison; je masse le corps des pieds \u00e0 la t\u00eate (cuir chevelu et visage compris) tel un baume r\u00e9confortant; j&rsquo;acc\u00e8de \u00e9galement \u00e0 vos corps \u00e9nerg\u00e9tiques et votre inconscient. Rien de tel pour lib\u00e9rer toutes vos tensions (physiques et psychiques)! C&rsquo;est une pure \u00e9vasion insulaire, vous laissez votre imagination vagabonder dans les mers turquoise ! on oublie tout, on l\u00e2che prise et on embarque pour Hawa\u00ef !<\/em><\/span><\/p>\n<p><span style=\"color: #800080;\"><em><strong><u><img decoding=\"async\" loading=\"lazy\" class=\"alignnone  wp-image-566\" src=\"http:\/\/letempledubienetrechezsylvie.com\/wp-content\/uploads\/2018\/10\/images-lacher-prise.jpg\" alt=\"\" width=\"133\" height=\"75\">Ses or<span style=\"color: #800080;\">igines&nbsp;<\/span><\/u><span style=\"color: #800080;\">:<\/span><\/strong><\/em><\/span><\/p>\n<div>&nbsp;<\/div>\n<p><span style=\"color: #7116cc;\"><em>Inspir\u00e9 de la tradition des anciens ma\u00eetres gu\u00e9risseurs d&rsquo;Hawa\u00ef il y&nbsp; a 35 000ans, cet art magnifique est \u00e9troitement li\u00e9 aux lois naturelles du \u00ab\u00a0Huna\u00a0\u00bb ; ces lois stipulent que tout est bas\u00e9 sur la recherche de l&rsquo;Harmonie et de l&rsquo;Amour inconditionnel. Je propose un audio m\u00e9ditatif de 20 minutes \u00e0 ce sujet (pour 22,22\u20ac); me demander par mail si vous d\u00e9sirez ce soin purifiant.<\/em><\/span><\/p>\n<p><span style=\"color: #7116cc;\"><em>Le peuple d&rsquo;Hawa\u00ef, aussi petit soit-il mais d&rsquo;une grande puissance, d\u00e9tient&nbsp; une force de vie d&rsquo;\u00eatre dans le moment pr\u00e9sent, d&rsquo;accepter ce qui est, de se pardonner, ceci afin d&rsquo;aller de l&rsquo;avant. On parle du \u00ab\u00a0<strong>Ho&rsquo;oponopono\u00a0\u00bb<\/strong>. <\/em><\/span><\/p>\n<p><span style=\"color: #7116cc;\"><em>Petite r\u00e9f\u00e9rence \u00e0 notre sport national qui est le rugby; la \u00ab\u00a0<strong>Patia mania<\/strong>\u00a0\u00bb import\u00e9 par la culture des \u00eeles du pacifique (Joe T\u00e9kori) s&rsquo;impose dans le monde entier (dans le football am\u00e9ricain, \u00e0 la cour d&rsquo;Angleterre). Le mot \u00ab\u00a0<strong>Patia<\/strong>\u00a0\u00bb signifie frotter; on peut le traduire comme faire monter l&rsquo;\u00e9nergie positive en se r\u00e9unissant dans un moment de partage.<\/em><\/span><\/p>\n<p><span style=\"color: #7116cc;\"><em>Le peuple d&rsquo;Hawa\u00ef a cette douceur de vivre d&rsquo;o\u00f9 est n\u00e9 le massage \u00ab\u00a0Lomi-lomi\u00a0\u00bb; nul besoin de martyriser le corps pour retrouver du&nbsp; mieux \u00eatre (cela voudrait dire rester dans le contr\u00f4le); juste un l\u00e2cher prise de l&rsquo;esprit qui permettra au corps de se r\u00e9g\u00e9n\u00e9rer lui-m\u00eame (le mental sera&nbsp; quant \u00e0 lui apais\u00e9).<\/em><\/span><\/p>\n<p><span style=\"color: #7116cc;\"><em>Tr\u00e8s complet, cet art exige que corps et visage sont mass\u00e9s ; son nom <\/em><em>\u00ab\u00a0Lomi-lomi\u00a0\u00bb signifie en Hawa\u00efen p\u00e9trir, presser, malaxer. La r\u00e9p\u00e9tition du mot indique une inte<span style=\"color: #7116cc;\">nsit\u00e9, une importance particuli\u00e8re. Autrefois ce massage \u00e9t<\/span>ait donn\u00e9 par un ma\u00eetre de l&rsquo;art appel\u00e9 \u00ab\u00a0Kahuna\u00a0\u00bb dans un esprit de purification et de r\u00e9g\u00e9n\u00e9ration. En cure, il pr\u00e9vient les maladies.<\/em><\/span><\/p>\n<\/div>\n<p><span style=\"color: #800080;\"><em style=\"font-size: 1rem;\"><strong><u><img decoding=\"async\" loading=\"lazy\" class=\"alignnone  wp-image-709\" src=\"http:\/\/letempledubienetrechezsylvie.com\/wp-content\/uploads\/2019\/06\/Blog-\u00e9t\u00e9-2019-719x1024.jpg\" alt=\"\" width=\"103\" height=\"147\" srcset=\"https:\/\/letempledubienetrechezsylvie.com\/wp-content\/uploads\/2019\/06\/Blog-\u00e9t\u00e9-2019-719x1024.jpg 719w, https:\/\/letempledubienetrechezsylvie.com\/wp-content\/uploads\/2019\/06\/Blog-\u00e9t\u00e9-2019-211x300.jpg 211w, https:\/\/letempledubienetrechezsylvie.com\/wp-content\/uploads\/2019\/06\/Blog-\u00e9t\u00e9-2019.jpg 756w\" sizes=\"(max-width: 103px) 100vw, 103px\" \/>Ses caract\u00e9ristiques&nbsp;<\/u>:<\/strong><\/em><\/span><\/p>\n<div class=\"parag\">\n<div>&nbsp;<\/div>\n<p><span style=\"color: #7116cc;\"><em>Autrefois con\u00e7u comme un rituel de passage de l&rsquo;adolescence \u00e0 l&rsquo;\u00e2ge adulte,&nbsp; ce massage \u00e9tait donn\u00e9 sur un autel de pierre et \u00e9tait accompagn\u00e9 de danses et de chants ; au-del\u00e0 d&rsquo;un moment de d\u00e9tente et de bien-\u00eatre, c&rsquo;est une tradition , une purification, une gu\u00e9rison du corps et de l&rsquo;\u00e2me. Les principes du \u00ab\u00a0Lomi-lomi\u00a0\u00bb signifie qu\u2019il est n\u00e9cessaire de garder un \u00e9quilibre entre la sant\u00e9 du corps (le physique) et la joie de vivre (l\u2019\u00e9tat d&rsquo;esprit). Sont associ\u00e9s les <strong>4 \u00e9l\u00e9ments<\/strong>: la <strong>terre<\/strong>, <strong>l&rsquo;eau<\/strong>,<strong> l&rsquo;air<\/strong>, le <strong>feu<\/strong> ; la qualit\u00e9 terre renforce la sensation d&rsquo;\u00eatre \u00e0 l&rsquo;abri de son corps (r\u00e9confort ressenti) ; l&rsquo;eau fluidifie, dissout, donne acc\u00e8s aux perceptions, aux \u00e9motions (retour aux sources) ; l&rsquo;air nous lib\u00e8re et permet de nous sentir reli\u00e9 au monde, \u00e0 l&rsquo;univers (unification de notre corps et de notre esprit) ; le feu apporte chaleur, stimule et dynamise. Ce massage profond permet d&rsquo;\u00e9tablir un sentiment d&rsquo;unit\u00e9 en soi et de rel\u00e2cher les vieilles tensions et les blocages tenaces.<\/em><\/span><\/p>\n<p><span style=\"color: #800080;\"><em style=\"font-size: 1rem;\"><strong><u><img decoding=\"async\" loading=\"lazy\" class=\"alignnone  wp-image-173\" src=\"http:\/\/letempledubienetrechezsylvie.com\/wp-content\/uploads\/2018\/01\/image-lomi.jpg\" alt=\"\" width=\"123\" height=\"74\">Sa pratique&nbsp;<\/u>:<\/strong><\/em><\/span><\/p>\n<\/div>\n<div class=\"parag\">\n<div>&nbsp;<\/div>\n<p><span style=\"color: #7116cc;\"><em>Avant tout, je m&rsquo;aligne avec la source universelle de vie afin de transmettre la juste \u00e9nergie qui convient. Une s\u00e9ance de \u00ab\u00a0Lomi-lomi\u00a0\u00bb commence par un remerciement des anc\u00eatres, et nous fixerons une intension pour le re\u00e7eveur.<\/em><\/span><\/p>\n<p><span style=\"color: #7116cc;\"><em>J&rsquo;utilise de l\u2019huile, et plus pr\u00e9cis\u00e9ment celle de mono\u00ef ; son odeur ainsi que ses multiples vertues vous transportent directement dans les \u00eeles !&nbsp; je donne ce massage avec les avant-bras, les coudes et les articulations sur un fond musical de chants Hawa\u00efens. Les gestes sont fluides, toniques, profonds. Il ouvre les canaux \u00e9nerg\u00e9tiques du corps pour lib\u00e9rer les \u00e9nergies bloqu\u00e9es et faire circuler le mana (l&rsquo;\u00e9nergie universelle de vie). Le corps bien huil\u00e9 est mass\u00e9, assoupli, \u00e9tir\u00e9, p\u00e9tri, envelopp\u00e9, apais\u00e9 et soign\u00e9. Les tissus, le syst\u00e8me nerveux et l&rsquo;ossature se rel\u00e2chent peu \u00e0 peu et s&rsquo;abreuve d&rsquo;oxyg\u00e8ne et d&rsquo;\u00e9nergie lumineuse. C&rsquo;est un voyage inoubliable! c&rsquo;est un r\u00e9el bonheur pour le corps et une gu\u00e9rison profonde pour le coeur. Recevez ce massage comme&nbsp; un cadeau que vous vous donnez, \u00e0 votre corps comme \u00e0 votre mental ! c&rsquo;est un baume r\u00e9parateur, une \u00e9vasion au paradis terrestre. La dimension du coeur est tr\u00e8s pr\u00e9sente ; Il est nomm\u00e9 \u00e9galement \u00able massage des mains aimantes\u00bb.<\/em><\/span><\/p>\n<\/div>\n<p><span style=\"color: #800080;\"><em style=\"font-size: 1rem;\"><strong><u><img decoding=\"async\" loading=\"lazy\" class=\"alignnone  wp-image-1703\" src=\"http:\/\/letempledubienetrechezsylvie.com\/wp-content\/uploads\/2024\/11\/Hang-loose-Hawaien-retravaille-2.jpg\" alt=\"\" width=\"108\" height=\"74\" srcset=\"https:\/\/letempledubienetrechezsylvie.com\/wp-content\/uploads\/2024\/11\/Hang-loose-Hawaien-retravaille-2.jpg 420w, https:\/\/letempledubienetrechezsylvie.com\/wp-content\/uploads\/2024\/11\/Hang-loose-Hawaien-retravaille-2-300x206.jpg 300w\" sizes=\"(max-width: 108px) 100vw, 108px\" \/>Ses bienfaits th\u00e9rapeutiques&nbsp;<\/u>:<\/strong><\/em><\/span><\/p>\n<div class=\"parag\">\n<div>\n<p><em><span style=\"color: #7116cc;\">Lorsque le flux de mana est restreint, l&rsquo;harmonie et l&rsquo;\u00e9quilibre font d\u00e9faut; des tensions, des douleurs se font ressentir physiquement, mentalement, \u00e9motionnellement ou spirituellement; cela r\u00e9v\u00e8le ce \u00e0 quoi vous r\u00e9sistez.&nbsp; Le flux de mana \u00e9tant bloqu\u00e9, des sch\u00e9mas de comportement apparaissent, des limitations sont rev\u00e9cues \u00e0 maintes reprises. \u00ab\u00a0Lomi-lomi\u00a0\u00bb porte son attention sur ces limitations qui stagnent dans nos cellules et qui ne r\u00e9sonnent pas avec notre vrai nature. Avec le \u00ab\u00a0lomi-lomi\u00a0\u00bb que je pratique (ayant v\u00e9cu une vie pass\u00e9e au sein de ce puissant peuple, une lib\u00e9ration \u00e9motionnelle se produit et peut ainsi modifier nos attitudes, nos croyances.<\/span><\/em><\/p>\n<p><em><strong><span style=\"color: #800080;\">En cure, le massage Hawa\u00efen \u00ab\u00a0Lomi-lomi\u00a0\u00bb procure :<\/span>&nbsp;<\/strong><\/em><\/p>\n<\/div>\n<div>\n<p><span style=\"color: #7116cc;\"><em><img decoding=\"async\" loading=\"lazy\" class=\"\" src=\"http:\/\/letempledubienetrechezsylvie.com\/wp-content\/uploads\/2017\/10\/cropped-fleur-tiar%C3%A9-2.jpg\" width=\"32\" height=\"28\">L&rsquo;am\u00e9lioration de la circulation sanguine et lymphatique<\/em><\/span><\/p>\n<p><span style=\"color: #7116cc;\"><em><img decoding=\"async\" loading=\"lazy\" class=\"\" src=\"http:\/\/letempledubienetrechezsylvie.com\/wp-content\/uploads\/2017\/10\/cropped-fleur-tiar%C3%A9-2.jpg\" width=\"32\" height=\"28\">Il r\u00e9g\u00e9n\u00e8re le syst\u00e8me cellulaire<\/em><\/span><\/p>\n<p><span style=\"color: #7116cc;\"><em><img decoding=\"async\" loading=\"lazy\" class=\"\" src=\"http:\/\/letempledubienetrechezsylvie.com\/wp-content\/uploads\/2017\/10\/cropped-fleur-tiar%C3%A9-2.jpg\" width=\"32\" height=\"28\">Il am\u00e9liore le sommeil et la sant\u00e9 de la peau<\/em><\/span><\/p>\n<p><span style=\"color: #7116cc;\"><em><img decoding=\"async\" loading=\"lazy\" class=\"\" src=\"http:\/\/letempledubienetrechezsylvie.com\/wp-content\/uploads\/2017\/10\/cropped-fleur-tiar%C3%A9-2.jpg\" width=\"32\" height=\"28\">Il soulage les tensions musculaires<\/em><\/span><\/p>\n<p><span style=\"color: #7116cc;\"><em><img decoding=\"async\" loading=\"lazy\" class=\"\" src=\"http:\/\/letempledubienetrechezsylvie.com\/wp-content\/uploads\/2017\/10\/cropped-fleur-tiar%C3%A9-2.jpg\" width=\"32\" height=\"28\">Il stimule le syst\u00e8me digestif et respiratoire<\/em><\/span><\/p>\n<p><span style=\"color: #7116cc;\"><em><img decoding=\"async\" loading=\"lazy\" class=\"\" src=\"http:\/\/letempledubienetrechezsylvie.com\/wp-content\/uploads\/2017\/10\/cropped-fleur-tiar%C3%A9-2.jpg\" width=\"32\" height=\"28\">Il stimule les ressources naturelles de gu\u00e9rison (l&rsquo;autonomisation)<\/em><\/span><\/p>\n<p><span style=\"color: #7116cc;\"><em><img decoding=\"async\" loading=\"lazy\" class=\"\" src=\"http:\/\/letempledubienetrechezsylvie.com\/wp-content\/uploads\/2017\/10\/cropped-fleur-tiar%C3%A9-2.jpg\" width=\"32\" height=\"28\">Il \u00e9limine les d\u00e9chets et toxines<\/em><\/span><\/p>\n<p><span style=\"color: #7116cc;\"><em><img decoding=\"async\" loading=\"lazy\" class=\"\" src=\"http:\/\/letempledubienetrechezsylvie.com\/wp-content\/uploads\/2017\/10\/cropped-fleur-tiar%C3%A9-2.jpg\" width=\"32\" height=\"28\">Il lib\u00e8re l\u2019\u00e9nergie bloqu\u00e9e et les \u00e9motions<\/em><\/span><\/p>\n<p><span style=\"color: #7116cc;\"><em><img decoding=\"async\" loading=\"lazy\" class=\"\" src=\"http:\/\/letempledubienetrechezsylvie.com\/wp-content\/uploads\/2017\/10\/cropped-fleur-tiar%C3%A9-2.jpg\" width=\"32\" height=\"28\">Renforce l&rsquo;estime et la confiance en soi<\/em><\/span><\/p>\n<p><span style=\"color: #7116cc;\"><em><img decoding=\"async\" loading=\"lazy\" class=\"\" src=\"http:\/\/letempledubienetrechezsylvie.com\/wp-content\/uploads\/2017\/10\/cropped-fleur-tiar%C3%A9-2.jpg\" width=\"32\" height=\"28\">Il r\u00e9duit le stress<\/em><\/span><\/p>\n<p><span style=\"color: #7116cc;\"><em><img decoding=\"async\" loading=\"lazy\" class=\"\" src=\"http:\/\/letempledubienetrechezsylvie.com\/wp-content\/uploads\/2017\/10\/cropped-fleur-tiar%C3%A9-2.jpg\" width=\"32\" height=\"28\">Il pr\u00e9vient les maladies<\/em><\/span><\/p>\n<p style=\"text-align: center;\"><strong><em>Il est temps de prendre soin de vous !<\/em><\/strong><\/p>\n<\/div>\n<\/div>","protected":false},"excerpt":{"rendered":"<p>Bon cadeau pour offrir, cliquez sur l&rsquo;image coeur : Au-del\u00e0 d&rsquo;un simple massage bien-\u00eatre, je pratique le massage Hawa\u00efen \u00ab\u00a0Lomi-lomi\u00a0\u00bb avec une \u00e9nergie de gu\u00e9rison; je masse le corps des pieds \u00e0 la t\u00eate (cuir chevelu et visage compris) tel un baume r\u00e9confortant; j&rsquo;acc\u00e8de \u00e9galement \u00e0 vos corps \u00e9nerg\u00e9tiques et votre inconscient. Rien de tel &hellip; <\/p>\n<p class=\"link-more\"><a href=\"https:\/\/letempledubienetrechezsylvie.com\/?page_id=104\" class=\"more-link\">Continuer la lecture<span class=\"screen-reader-text\"> de &laquo;&nbsp;Massage Hawa\u00efen Lomi-lomi au mono\u00ef, 15 ann\u00e9es d&rsquo;exp\u00e9rience !&nbsp;&raquo;<\/span><\/a><\/p>\n","protected":false},"author":1,"featured_media":0,"parent":0,"menu_order":0,"comment_status":"closed","ping_status":"closed","template":"","meta":[],"_links":{"self":[{"href":"https:\/\/letempledubienetrechezsylvie.com\/index.php?rest_route=\/wp\/v2\/pages\/104"}],"collection":[{"href":"https:\/\/letempledubienetrechezsylvie.com\/index.php?rest_route=\/wp\/v2\/pages"}],"about":[{"href":"https:\/\/letempledubienetrechezsylvie.com\/index.php?rest_route=\/wp\/v2\/types\/page"}],"author":[{"embeddable":true,"href":"https:\/\/letempledubienetrechezsylvie.com\/index.php?rest_route=\/wp\/v2\/users\/1"}],"replies":[{"embeddable":true,"href":"https:\/\/letempledubienetrechezsylvie.com\/index.php?rest_route=%2Fwp%2Fv2%2Fcomments&post=104"}],"version-history":[{"count":63,"href":"https:\/\/letempledubienetrechezsylvie.com\/index.php?rest_route=\/wp\/v2\/pages\/104\/revisions"}],"predecessor-version":[{"id":1959,"href":"https:\/\/letempledubienetrechezsylvie.com\/index.php?rest_route=\/wp\/v2\/pages\/104\/revisions\/1959"}],"wp:attachment":[{"href":"https:\/\/letempledubienetrechezsylvie.com\/index.php?rest_route=%2Fwp%2Fv2%2Fmedia&parent=104"}],"curies":[{"name":"wp","href":"https:\/\/api.w.org\/{rel}","templated":true}]}}